common factor of 5 and 135.
5
Calculate the highest common factor of 260 and 4342.
26
What is the highest common divisor of 2981 and 11?
11
What is the greatest common factor of 14 and 686?
14
Calculate the greatest common divisor of 602 and 154.
14
What is the highest common divisor of 72442 and 58?
58
Calculate the highest common factor of 65 and 26.
13
Calculate the highest common factor of 1683 and 17.
17
Calculate the greatest common divisor of 83 and 1.
1
What is the highest common factor of 80 and 4816?
16
Calculate the greatest common factor of 85 and 23545.
85
What is the greatest common divisor of 570 and 6745?
95
Calculate the highest common divisor of 16 and 76.
4
What is the highest common divisor of 34 and 51?
17
What is the highest common divisor of 15 and 35?
5
What is the highest common factor of 128 and 96?
32
Calculate the greatest common divisor of 876 and 168.
12
What is the greatest common factor of 636 and 2067?
159
Calculate the highest common factor of 192 and 26304.
192
What is the highest common factor of 72555 and 105?
105
What is the greatest common divisor of 195 and 1781?
13
What is the highest common factor of 3286 and 155?
31
Calculate the greatest common divisor of 2743 and 13.
13
What is the highest common factor of 10706 and 808?
202
What is the highest common factor of 3430 and 50?
10
Calculate the greatest common factor of 6391 and 99.
11
What is the highest common factor of 14 and 8?
2
What is the greatest common divisor of 6 and 678?
6
Calculate the highest common factor of 133 and 361.
19
Calculate the greatest common factor of 4117 and 69.
23
What is the highest common divisor of 63 and 486?
9
What is the greatest common divisor of 14625 and 54?
9
Calculate the greatest common divisor of 2821 and 273.
91
Calculate the greatest common factor of 1449 and 23.
23
Calculate the highest common factor of 60 and 180.
60
Calculate the greatest common factor of 558 and 36.
18
What is the greatest common factor of 126 and 1554?
42
Calculate the highest common divisor of 12 and 84.
12
Calculate the highest common factor of 1358 and 28.
14
Calculate the greatest common divisor of 979 and 178.
89
What is the highest common factor of 79 and 3713?
79
What is the greatest common divisor of 946 and 688?
86
What is the greatest common factor of 60 and 228?
12
What is the highest common divisor of 36 and 13464?
36
Calculate the highest common divisor of 7 and 791.
7
What is the greatest common factor of 180 and 225?
45
What is the highest common factor of 9344 and 128?
128
Calculate the highest common divisor of 216 and 90.
18
Calculate the greatest common factor of 16 and 19568.
16
What is the highest common factor of 225 and 90?
45
Calculate the highest common factor of 5424 and 6441.
339
What is the highest common factor of 36 and 5388?
12
What is the highest common factor of 150 and 75?
75
Calculate the highest common factor of 61340 and 20.
20
Calculate the greatest common factor of 363 and 561.
33
Calculate the greatest common factor of 169 and 416.
13
Calculate the greatest common divisor of 24 and 1116.
12
Calculate the greatest common factor of 2046 and 124.
62
Calculate the highest common factor of 12615 and 15.
15
What is the greatest common factor of 28350 and 324?
162
Calculate the greatest common factor of 952 and 1224.
136
What is the greatest common factor of 44 and 1782?
22
What is the greatest common factor of 64 and 160?
32
What is the greatest common divisor of 240 and 17616?
48
Calculate the greatest common divisor of 680 and 400.
40
Calculate the greatest common factor of 4596 and 24.
12
What is the greatest common factor of 493 and 153?
17
What is the highest common divisor of 130 and 1352?
26
What is the highest common divisor of 144 and 4968?
72
Calculate the highest common divisor of 264 and 40.
8
Calculate the greatest common divisor of 120 and 2568.
24
Calculate the greatest common divisor of 11244 and 12.
12
What is the highest common factor of 27 and 9?
9
Calculate the greatest common divisor of 2 and 2.
2
Calculate the highest common factor of 6 and 6.
6
Calculate the greatest common divisor of 221 and 1785.
17
Calculate the highest common factor of 608 and 32.
32
Calculate the greatest common factor of 3146 and 182.
26
What is the highest common divisor of 255 and 2?
1
What is the greatest common divisor of 2783 and 23?
23
What is the greatest common factor of 262 and 29213?
131
What is the greatest common divisor of 258 and 3?
3
Calculate the highest common divisor of 1981 and 35.
7
What is the highest common factor of 16 and 152?
8
What is the highest common factor of 204 and 1292?
68
What is the greatest common factor of 10 and 15830?
10
What is the greatest common divisor of 7 and 847?
7
Calculate the greatest common factor of 169 and 19.
1
Calculate the highest common divisor of 110 and 150.
10
Calculate the highest common divisor of 52 and 143.
13
Calculate the greatest common factor of 83 and 1.
1
What is the greatest common divisor of 1166 and 176?
22
What is the greatest common factor of 1422 and 158?
158
Calculate the highest common divisor of 824 and 14214.
206
What is the greatest common divisor of 30 and 20?
10
What is the highest common factor of 92 and 345?
23
Calculate the greatest common factor of 5883 and 222.
111
Calculate the highest common factor of 1189 and 29.
29
What is the greatest common divisor of 208 and 312?
104
Calculate the greatest common divisor of 2698 and 228.
38
Calculate the greatest common divisor of 476 and 448.
28
What is the highest common factor of 30 and 525?
15
Calculate the highest common factor of 465 and 285.
15
What is the highest common factor of 3100 and 15?
5
What is the greatest common factor of 26 and 9022?
26
What is the greatest common divisor of 591 and 197?
197
Calculate the highest common divisor of 107 and 2675.
107
Calculate the highest common factor of 1 and 383.
1
What is the highest common factor of 70 and 6650?
70
Calculate the highest common factor of 40 and 80.
40
Calculate the highest common factor of 10 and 3110.
10
Calculate the highest common factor of 287 and 7.
7
Calculate the greatest common factor of 448 and 308.
28
Calculate the greatest common divisor of 269 and 80162.
269
Calculate the highest common factor of 5 and 235.
5
What is the highest common divisor of 988 and 156?
52
What is the highest common factor of 210 and 15?
15
What is the highest common factor of 1 and 2619?
1
Calculate the greatest common divisor of 24 and 184.
8
What is the highest common divisor of 44 and 64?
4
What is the highest common factor of 17806 and 116?
58
What is the highest common factor of 14 and 819?
7
What is the highest common divisor of 8 and 4?
4
Calculate the greatest common factor of 177 and 8083.
59
What is the highest common divisor of 15 and 12885?
15
Calculate the highest common divisor of 8954 and 726.
242
Calculate the highest common factor of 225 and 11.
1
What is the highest common factor of 80 and 48?
16
Calculate the highest common divisor of 21495 and 45.
15
Calculate the highest common divisor of 6470 and 20.
10
What is the highest common divisor of 295 and 1711?
59
What is the highest common factor of 558 and 1008?
18
What is the greatest common factor of 72 and 3012?
12
What is the greatest common divisor of 925 and 111?
37
What is the highest common factor of 2664 and 54?
18
What is the greatest common divisor of 4 and 1948?
4
Calculate the highest common divisor of 26093 and 291.
97
What is the greatest common divisor of 46 and 5?
1
What is the highest common divisor of 40 and 54380?
20
What is the highest common factor of 46 and 92?
46
What is the greatest common factor of 52 and 1235?
13
What is the greatest common factor of 180 and 100?
20
Calculate the greatest common divisor of 527 and 3100.
31
Calculate the highest common divisor of 126 and 294.
42
Calculate the highest common factor of 195 and 455.
65
What is the highest common factor of 20 and 55?
5
What is the greatest common divisor of 1886 and 46?
46
Calculate the greatest common divisor of 2370 and 30.
30
What is the highest common factor of 9389 and 82?
41
Calculate the greatest common divisor of 170 and 10.
10
What is the highest common facto